{"id":137,"date":"2016-04-24T18:41:14","date_gmt":"2016-04-24T17:41:14","guid":{"rendered":"https:\/\/asgaex.aisg.es\/?page_id=137"},"modified":"2026-03-15T21:37:46","modified_gmt":"2026-03-15T20:37:46","slug":"como-ser-miembro","status":"publish","type":"page","link":"https:\/\/asgaex.aisg.es\/?page_id=137","title":{"rendered":"C\u00f3mo ser miembro"},"content":{"rendered":"<figure class=\"wp-block-post-featured-image\"><a href=\"https:\/\/asgaex.aisg.es\/?page_id=137\" title=\"C\u00f3mo ser miembro\"><img loading=\"lazy\" decoding=\"async\" width=\"1024\" height=\"200\" src=\"https:\/\/asgaex.aisg.es\/wp-content\/uploads\/2026\/03\/Encabezado-sERmIEMBRO-1024x200.png\" class=\"attachment-large size-large wp-post-image\" alt=\"\" style=\"object-fit:cover;\" srcset=\"https:\/\/asgaex.aisg.es\/wp-content\/uploads\/2026\/03\/Encabezado-sERmIEMBRO-1024x200.png 1024w, https:\/\/asgaex.aisg.es\/wp-content\/uploads\/2026\/03\/Encabezado-sERmIEMBRO-300x59.png 300w, https:\/\/asgaex.aisg.es\/wp-content\/uploads\/2026\/03\/Encabezado-sERmIEMBRO-768x150.png 768w, https:\/\/asgaex.aisg.es\/wp-content\/uploads\/2026\/03\/Encabezado-sERmIEMBRO-150x29.png 150w, https:\/\/asgaex.aisg.es\/wp-content\/uploads\/2026\/03\/Encabezado-sERmIEMBRO.png 1280w\" sizes=\"auto, (max-width: 1024px) 100vw, 1024px\" \/><\/a><\/figure>\n\n<p>Ser miembro de la Asociaci\u00f3n de Scouts y Gu\u00edas Adultos de Extremadura es muy sencillo: ponte en contacto con nosotros a trav\u00e9s de uno de nuestros correos:<\/p>\n<ul>\n<li><a href=\"mailto:asgaex@aisg.es\">asgaex@aisg.es<\/a><\/li>\n<li><a href=\"mailto:asgaex@gmail.com\">asgaex@gmail.com<\/a><\/li>\n<li><a href=\"mailto:asgaex.presidencia@gmail.com\">asgaex.presidencia@gmail.com<\/a><\/li>\n<li><a href=\"mailto:asgaex.secretaria@gmail.con\">asgaex.secretaria@gmail.con<\/a><\/li>\n<\/ul>\n<p>&nbsp;<\/p>\n<p>El ser miembro de ASGAEX conlleva una serie de derechos y deberes, seg\u00fan se encuentra reflejado en los Estatutos de la asociaci\u00f3n:<\/p>\n<p><b>Art\u00edculo 25. <\/b>Los socios de n\u00famero y fundadores tendr\u00e1n los siguientes derechos:<\/p>\n<ol type=\"a\">\n<li>\n<div align=\"JUSTIFY\">Tomar parte en cuantas actividades organice la Asociaci\u00f3n en cumplimiento de sus fines.<\/div>\n<\/li>\n<li>\n<div align=\"JUSTIFY\">Disfrutar de todas las ventajas y beneficios que la Asociaci\u00f3n pueda obtener.<\/div>\n<\/li>\n<li>\n<div align=\"JUSTIFY\">Ser electores y elegibles para los cargos directivos.<\/div>\n<\/li>\n<li>\n<div align=\"JUSTIFY\">Participar en las asambleas con voz y voto.<\/div>\n<\/li>\n<li>\n<div align=\"JUSTIFY\">Hacer sugerencias a los miembros de la Junta Directiva en orden al mejor cumplimiento de los fines de la Asociaci\u00f3n.<\/div>\n<\/li>\n<li>\n<div align=\"JUSTIFY\">A ser informados acerca de la composici\u00f3n de los \u00f3rganos de gobierno y representaci\u00f3n de la Asociaci\u00f3n, de su estado de cuentas y del desarrollo de su actividad. Podr\u00e1n acceder a toda la informaci\u00f3n a trav\u00e9s de los \u00f3rganos de representaci\u00f3n:Podr\u00e1 obtener copia de los presentes Estatutos con solo solicitarlo a la Secretar\u00eda Asociativa<\/div>\n<\/li>\n<\/ol>\n<blockquote>\n<ul>\n<li>\n<div align=\"JUSTIFY\">Podr\u00e1 obtener copia de los acuerdos de las Asambleas Generales, debidamente certificados por la Junta Directiva, solicit\u00e1ndolo a la Secretar\u00eda Asociativa.<\/div>\n<\/li>\n<li>\n<div align=\"JUSTIFY\">Podr\u00e1 solicitar informaci\u00f3n sobre el estado financiero, balances o cualquier dato de la situaci\u00f3n econ\u00f3mica de la Asociaci\u00f3n, solicit\u00e1ndola al Tesorero Asociativo.<\/div>\n<\/li>\n<\/ul>\n<\/blockquote>\n<ol start=\"7\" type=\"a\">\n<li>\n<div align=\"JUSTIFY\">A ser o\u00eddo con car\u00e1cter previo a la adopci\u00f3n de medidas disciplinarias contra \u00e9l y a ser informado de los hechos que den lugar a tales medidas, debiendo ser motivado el acuerdo que, en su caso, imponga la sanci\u00f3n.<\/div>\n<\/li>\n<li>\n<div align=\"JUSTIFY\">A impugnar los acuerdos de los \u00f3rganos de la Asociaci\u00f3n que estime contrarios a la Ley o a los Estatutos.<\/div>\n<\/li>\n<\/ol>\n<div align=\"JUSTIFY\"><\/div>\n<div align=\"JUSTIFY\"><b>Art\u00edculo 26. <\/b>Los socios fundadores y de n\u00famero tendr\u00e1n las siguientes obligaciones:<\/div>\n<ol type=\"a\">\n<li>\n<div align=\"JUSTIFY\">Cumplir los presentes Estatutos y los acuerdos v\u00e1lidos de las Asambleas y la Junta Directiva.<\/div>\n<\/li>\n<li>\n<div align=\"JUSTIFY\">Abonar las cuotas que se fijen.<\/div>\n<\/li>\n<li>\n<div align=\"JUSTIFY\">Asistir a las Asambleas y dem\u00e1s actos que se organicen.<\/div>\n<\/li>\n<li>\n<div align=\"JUSTIFY\">Desempe\u00f1ar, en su caso, las obligaciones inherentes al cargo que ocupen.<\/div>\n<\/li>\n<li>\n<div align=\"JUSTIFY\">Participar y colaborar en las tareas de administraci\u00f3n de la Asociaci\u00f3n , as\u00ed como en las actividades que la misma organice o promocione.<\/div>\n<\/li>\n<li>\n<div align=\"JUSTIFY\">Abstenerse de promover o realizar cualquier tipo de actividad perjudicial para la \u201cAsociaci\u00f3n de Scouts y Gu\u00edas Adultos de Extremadura \u2013 ASGAEX\u201d, as\u00ed como crear o promocionar negocios o actividades en beneficio propio, sirvi\u00e9ndose de su calidad de miembro.<\/div>\n<div align=\"JUSTIFY\"><\/div>\n<\/li>\n<\/ol>","protected":false},"excerpt":{"rendered":"<p>Ser miembro de la Asociaci\u00f3n de Scouts y Gu\u00edas Adultos de Extremadura es muy sencillo: ponte en contacto con nosotros a trav\u00e9s de uno de nuestros correos: asgaex@aisg.es asgaex@gmail.com asgaex.presidencia@gmail.com asgaex.secretaria@gmail.con &nbsp; El ser miembro de ASGAEX conlleva una serie de derechos y deberes, seg\u00fan se encuentra reflejado en los&#8230; <a class=\"continue-reading-link\" href=\"https:\/\/asgaex.aisg.es\/?page_id=137\">Continue reading<\/a><\/p>\n","protected":false},"author":2,"featured_media":571,"parent":113,"menu_order":0,"comment_status":"closed","ping_status":"closed","template":"","meta":{"_editorskit_title_hidden":true,"_editorskit_reading_time":0,"_editorskit_is_block_options_detached":false,"_editorskit_block_options_position":"{}","_crdt_document":"","_uag_custom_page_level_css":"","ngg_post_thumbnail":0,"footnotes":""},"class_list":["post-137","page","type-page","status-publish","has-post-thumbnail","hentry"],"uagb_featured_image_src":{"full":["https:\/\/asgaex.aisg.es\/wp-content\/uploads\/2026\/03\/Encabezado-sERmIEMBRO.png",1280,250,false],"thumbnail":["https:\/\/asgaex.aisg.es\/wp-content\/uploads\/2026\/03\/Encabezado-sERmIEMBRO-150x150.png",150,150,true],"medium":["https:\/\/asgaex.aisg.es\/wp-content\/uploads\/2026\/03\/Encabezado-sERmIEMBRO-300x59.png",300,59,true],"medium_large":["https:\/\/asgaex.aisg.es\/wp-content\/uploads\/2026\/03\/Encabezado-sERmIEMBRO-768x150.png",768,150,true],"large":["https:\/\/asgaex.aisg.es\/wp-content\/uploads\/2026\/03\/Encabezado-sERmIEMBRO-1024x200.png",1024,200,true],"1536x1536":["https:\/\/asgaex.aisg.es\/wp-content\/uploads\/2026\/03\/Encabezado-sERmIEMBRO.png",1280,250,false],"2048x2048":["https:\/\/asgaex.aisg.es\/wp-content\/uploads\/2026\/03\/Encabezado-sERmIEMBRO.png",1280,250,false],"custom":["https:\/\/asgaex.aisg.es\/wp-content\/uploads\/2026\/03\/Encabezado-sERmIEMBRO.png",1280,250,false],"post-thumbnail":["https:\/\/asgaex.aisg.es\/wp-content\/uploads\/2026\/03\/Encabezado-sERmIEMBRO-150x29.png",150,29,true],"header":["https:\/\/asgaex.aisg.es\/wp-content\/uploads\/2026\/03\/Encabezado-sERmIEMBRO.png",1280,250,false],"slider":["https:\/\/asgaex.aisg.es\/wp-content\/uploads\/2026\/03\/Encabezado-sERmIEMBRO-1200x250.png",1200,250,true],"parabola-columns":["https:\/\/asgaex.aisg.es\/wp-content\/uploads\/2026\/03\/Encabezado-sERmIEMBRO-284x250.png",284,250,true]},"uagb_author_info":{"display_name":"Fernando Freire","author_link":"https:\/\/asgaex.aisg.es\/?author=2"},"uagb_comment_info":0,"uagb_excerpt":"Ser miembro de la Asociaci\u00f3n de Scouts y Gu\u00edas Adultos de Extremadura es muy sencillo: ponte en contacto con nosotros a trav\u00e9s de uno de nuestros correos: asgaex@aisg.es asgaex@gmail.com asgaex.presidencia@gmail.com asgaex.secretaria@gmail.con &nbsp; El ser miembro de ASGAEX conlleva una serie de derechos y deberes, seg\u00fan se encuentra reflejado en los... Continue reading","_links":{"self":[{"href":"https:\/\/asgaex.aisg.es\/index.php?rest_route=\/wp\/v2\/pages\/137","targetHints":{"allow":["GET"]}}],"collection":[{"href":"https:\/\/asgaex.aisg.es\/index.php?rest_route=\/wp\/v2\/pages"}],"about":[{"href":"https:\/\/asgaex.aisg.es\/index.php?rest_route=\/wp\/v2\/types\/page"}],"author":[{"embeddable":true,"href":"https:\/\/asgaex.aisg.es\/index.php?rest_route=\/wp\/v2\/users\/2"}],"replies":[{"embeddable":true,"href":"https:\/\/asgaex.aisg.es\/index.php?rest_route=%2Fwp%2Fv2%2Fcomments&post=137"}],"version-history":[{"count":3,"href":"https:\/\/asgaex.aisg.es\/index.php?rest_route=\/wp\/v2\/pages\/137\/revisions"}],"predecessor-version":[{"id":572,"href":"https:\/\/asgaex.aisg.es\/index.php?rest_route=\/wp\/v2\/pages\/137\/revisions\/572"}],"up":[{"embeddable":true,"href":"https:\/\/asgaex.aisg.es\/index.php?rest_route=\/wp\/v2\/pages\/113"}],"wp:featuredmedia":[{"embeddable":true,"href":"https:\/\/asgaex.aisg.es\/index.php?rest_route=\/wp\/v2\/media\/571"}],"wp:attachment":[{"href":"https:\/\/asgaex.aisg.es\/index.php?rest_route=%2Fwp%2Fv2%2Fmedia&parent=137"}],"curies":[{"name":"wp","href":"https:\/\/api.w.org\/{rel}","templated":true}]}}